
311
What is the remainder when 347262 is divided by 4981?
3573
Calculate the remainder when 118751 is divided by 16961.
24
What is the remainder when 287577 is divided by 95814?
135
Calculate the remainder when 2007697 is divided by 501509.
1661
Calculate the remainder when 170177 is divided by 12119.
511
Calculate the remainder when 22046601 is divided by 516.
501
What is the remainder when 987052 is divided by 1349?
933
What is the remainder when 1569582 is divided by 539?
14
What is the remainder when 74141798 is divided by 20?
18
Calculate the remainder when 4576531 is divided by 169501.
4
Calculate the remainder when 4389991 is divided by 2194994.
3
What is the remainder when 2252874 is divided by 1079?
1001
Calculate the remainder when 12396546 is divided by 83.
81
What is the remainder when 3946708 is divided by 544?
532
What is the remainder when 79611 is divided by 1232?
763
What is the remainder when 1661780 is divided by 176?
164
What is the remainder when 315822 is divided by 149499?
16824
What is the remainder when 745135 is divided by 149027?
0
Calculate the remainder when 18065730 is divided by 18065729.
1
Calculate the remainder when 101914833 is divided by 284.
13
What is the remainder when 401157 is divided by 133640?
237
What is the remainder when 4682590 is divided by 284?
282
Calculate the remainder when 7289027 is divided by 2420.
2407
What is the remainder when 8001305 is divided by 2328?
2297
Calculate the remainder when 10155508 is divided by 2276.
2272
Calculate the remainder when 3735073 is divided by 7074.
1
Calculate the remainder when 748065 is divided by 249052.
909
Calculate the remainder when 90274 is divided by 87722.
2552
Calculate the remainder when 75033 is divided by 6779.
464
What is the remainder when 39996801 is divided by 275840?
1
Calculate the remainder when 135121117 is divided by 243.
238
What is the remainder when 8246935 is divided by 545?
540
Calculate the remainder when 171837179 is divided by 183.
179
What is the remainder when 3203113 is divided by 6078?
7
Calculate the remainder when 9424389 is divided by 1140.
9
What is the remainder when 9441669 is divided by 70?
69
Calculate the remainder when 10149074 is divided by 92.
2
What is the remainder when 8401115 is divided by 38?
37
Calculate the remainder when 1906961 is divided by 953431.
99
Calculate the remainder when 25183760 is divided by 24474.
14
What is the remainder when 855808 is divided by 6901?
84
Calculate the remainder when 1087475 is divided by 23636.
219
What is the remainder when 5297198 is divided by 36?
14
What is the remainder when 78845 is divided by 3871?
1425
What is the remainder when 285918 is divided by 287?
66
What is the remainder when 7379621 is divided by 141914?
93
What is the remainder when 366134 is divided by 112?
6
What is the remainder when 24000906 is divided by 128?
10
What is the remainder when 145754 is divided by 145490?
264
What is the remainder when 2509756 is divided by 48?
28
What is the remainder when 211628 is divided by 21130?
328
Calculate the remainder when 592804 is divided by 38434.
16294
What is the remainder when 533341 is divided by 533266?
75
Calculate the remainder when 28099169 is divided by 205.
24
What is the remainder when 510932 is divided by 16975?
1682
Calculate the remainder when 11413161 is divided by 14.
11
Calculate the remainder when 10508695 is divided by 503.
19
What is the remainder when 13576 is divided by 757?
707
Calculate the remainder when 615574 is divided by 839.
587
What is the remainder when 92137 is divided by 1644?
73
What is the remainder when 1147125 is divided by 127454?
39
What is the remainder when 604284733 is divided by 2463?
2461
What is the remainder when 1761778 is divided by 8943?
7
Calculate the remainder when 12923 is divided by 3410.
2693
What is the remainder when 369321 is divided by 1343?
1339
What is the remainder when 484107 is divided by 3782?
11
Calculate the remainder when 234728887 is divided by 38.
37
What is the remainder when 6342460 is divided by 306?
304
Calculate the remainder when 1033776 is divided by 1033765.
11
What is the remainder when 15172841 is divided by 28?
5
What is the remainder when 22248085 is divided by 17?
15
What is the remainder when 2958905 is divided by 606?
413
Calculate the remainder when 13560467 is divided by 2712092.
7
What is the remainder when 47943163 is divided by 15?
13
Calculate the remainder when 3613770 is divided by 2200.
1370
Calculate the remainder when 21972 is divided by 10522.
928
Calculate the remainder when 9438 is divided by 1225.
863
What is the remainder when 50665 is divided by 7431?
6079
What is the remainder when 24937062 is divided by 8?
6
Calculate the remainder when 15336 is divided by 1414.
1196
What is the remainder when 1896081 is divided by 2630?
2481
What is the remainder when 3652905 is divided by 5577?
5547
What is the remainder when 1441914 is divided by 720956?
2
What is the remainder when 3840031 is divided by 256?
31
What is the remainder when 25626 is divided by 1814?
230
What is the remainder when 72924 is divided by 13587?
4989
Calculate the remainder when 1407763 is divided by 726.
49
What is the remainder when 1986357 is divided by 24?
21
What is the remainder when 897960 is divided by 1024?
936
What is the remainder when 23156864 is divided by 5033?
31
What is the remainder when 1330166 is divided by 3402?
3386
Calculate the remainder when 2163877 is divided by 18654.
13
What is the remainder when 4228138 is divided by 147?
124
What is the remainder when 190533 is divided by 2361?
1653
Calculate the remainder when 36767909 is divided by 80.
69
What is the remainder when 3231 is divided by 1708?
1523
Calculate the remainder when 48882 is divided by 1966.
1698
What is the remainder when 11957375 is divided by 3759?
3755
Calculate the remainder when 57417 is divided by 153.
42
What is the remainder when 1187413 is divided by 4?
1
Calculate the remainder when 655510547 is divided by 2958.
2957
What is the remainder when 23592 is divided by 1772?
556
Calculate the remainder when 1222902 is divided by 5.
2
What is the remainder when 420608062 is divided by 51?
46
Calculate the remainder when 959063 is divided by 2300.
2263
What is the remainder when 6207252 is divided by 865?
12
What is the remainder when 20686858 is divided by 56832?
10
Calculate the remainder when 676385890 is divided by 6.
4
What is the remainder when 1226090 is divided by 992?
970
What is the remainder when 61986365 is divided by 30993177?
11
What is the remainder when 3859671 is divided by 21091?
18
What is the remainder when 15688 is divided by 3438?
1936
What is the remainder when 1644610 is divided by 1336?
1330
Calculate the remainder when 2592524 is divided by 648128.
12
Calculate the remainder when 19553208 is divided by 1237.
1186
What is the remainder when 4546514 is divided by 378876?
2
Calculate the remainder when 40528080 is divided by 107.
11
Calculate the remainder when 58415 is divided by 28967.
481
Calculate the remainder when 2399146 is divided by 30.
16
What is the remainder when 2508981 is divided by 2655?
6
What is the remainder when 8946226 is divided by 18332?
210
What is the remainder when 79820 is divided by 26391?
647
Calculate the remainder when 453617 is divided by 676.
21
What is the remainder when 1207151 is divided by 310?
11
Calculate the remainder when 19294513 is divided by 3348.
3337
What is the remainder when 2707485 is divided by 45122?
165
Calculate the remainder when 3256769 is divided by 213.
212
What is the remainder when 6350128 is divided by 3?
1
What is the remainder when 5342089 is divided by 28?
25
What is the remainder when 2808494 is divided by 59?
35
Calculate the remainder when 1335968 is divided by 106.
50
What is the remainder when 28855033 is divided by 127?
125
Calculate the remainder when 50294 is divided by 1602.
632
What is the remainder when 5467324 is divided by 6595?
69
What is the remainder when 7876659 is divided by 2625550?
9
What is the remainder when 848742 is divided by 848563?
179
Calculate the remainder when 17489205 is divided by 186.
183
What is the remainder when 380063 is divided by 735?
68
Calculate the remainder when 138802 